{"id":17,"date":"2019-04-17T01:17:00","date_gmt":"2019-04-16T23:17:00","guid":{"rendered":"http:\/\/dominikahudziak.pl\/?page_id=17"},"modified":"2025-12-29T23:46:04","modified_gmt":"2025-12-29T22:46:04","slug":"kontakt","status":"publish","type":"page","link":"https:\/\/dominikahudziak.pl\/index.php\/pl\/kontakt\/","title":{"rendered":"Kontakt"},"content":{"rendered":"\t\t<div data-elementor-type=\"wp-post\" data-elementor-id=\"17\" class=\"elementor elementor-17\">\n\t\t\t\t\t\t<section class=\"elementor-section elementor-top-section elementor-element elementor-element-70ee821 elementor-section-boxed elementor-section-height-default elementor-section-height-default\" data-id=\"70ee821\" data-element_type=\"section\" data-e-type=\"section\">\n\t\t\t\t\t\t<div class=\"elementor-container elementor-column-gap-default\">\n\t\t\t\t\t<div class=\"elementor-column elementor-col-50 elementor-top-column elementor-element elementor-element-248e028\" data-id=\"248e028\" data-element_type=\"column\" data-e-type=\"column\">\n\t\t\t<div class=\"elementor-widget-wrap elementor-element-populated\">\n\t\t\t\t\t\t<div class=\"elementor-element elementor-element-f75cff0 elementor-widget-divider--view-line elementor-widget elementor-widget-divider\" data-id=\"f75cff0\" data-element_type=\"widget\" data-e-type=\"widget\" data-widget_type=\"divider.default\">\n\t\t\t\t<div class=\"elementor-widget-container\">\n\t\t\t\t\t\t\t<div class=\"elementor-divider\">\n\t\t\t<span class=\"elementor-divider-separator\">\n\t\t\t\t\t\t<\/span>\n\t\t<\/div>\n\t\t\t\t\t\t<\/div>\n\t\t\t\t<\/div>\n\t\t\t\t<div class=\"elementor-element elementor-element-1938c82 elementor-widget elementor-widget-button\" data-id=\"1938c82\" data-element_type=\"widget\" data-e-type=\"widget\" data-widget_type=\"button.default\">\n\t\t\t\t<div class=\"elementor-widget-container\">\n\t\t\t\t\t\t\t\t\t<div class=\"elementor-button-wrapper\">\n\t\t\t\t\t<a class=\"elementor-button elementor-button-link elementor-size-sm\" href=\"#\">\n\t\t\t\t\t\t<span class=\"elementor-button-content-wrapper\">\n\t\t\t\t\t\t\t\t\t<span class=\"elementor-button-text\">PRYWATNY GABINET GINEKOLOGICZNO - PO\u0141O\u017bNICZY<\/span>\n\t\t\t\t\t<\/span>\n\t\t\t\t\t<\/a>\n\t\t\t\t<\/div>\n\t\t\t\t\t\t\t\t<\/div>\n\t\t\t\t<\/div>\n\t\t\t\t<div class=\"elementor-element elementor-element-081adc8 elementor-icon-list--layout-traditional elementor-list-item-link-full_width elementor-widget elementor-widget-icon-list\" data-id=\"081adc8\" data-element_type=\"widget\" data-e-type=\"widget\" data-widget_type=\"icon-list.default\">\n\t\t\t\t<div class=\"elementor-widget-container\">\n\t\t\t\t\t\t\t<ul class=\"elementor-icon-list-items\">\n\t\t\t\t\t\t\t<li class=\"elementor-icon-list-item\">\n\t\t\t\t\t\t\t\t\t\t\t<span class=\"elementor-icon-list-icon\">\n\t\t\t\t\t\t\t<i aria-hidden=\"true\" class=\"fas fa-user\"><\/i>\t\t\t\t\t\t<\/span>\n\t\t\t\t\t\t\t\t\t\t<span class=\"elementor-icon-list-text\">Doktor nauk medycznych specjalista ginekolog - po\u0142o\u017cnik - <b>Dominika Hudziak<\/b><\/span>\n\t\t\t\t\t\t\t\t\t<\/li>\n\t\t\t\t\t\t\t\t<li class=\"elementor-icon-list-item\">\n\t\t\t\t\t\t\t\t\t\t\t<span class=\"elementor-icon-list-icon\">\n\t\t\t\t\t\t\t<i aria-hidden=\"true\" class=\"fas fa-map-marker-alt\"><\/i>\t\t\t\t\t\t<\/span>\n\t\t\t\t\t\t\t\t\t\t<span class=\"elementor-icon-list-text\">ul. Wyzwolenia 26<\/span>\n\t\t\t\t\t\t\t\t\t<\/li>\n\t\t\t\t\t\t\t\t<li class=\"elementor-icon-list-item\">\n\t\t\t\t\t\t\t\t\t\t\t<span class=\"elementor-icon-list-icon\">\n\t\t\t\t\t\t\t<i aria-hidden=\"true\" class=\"fas fa-mobile-alt\"><\/i>\t\t\t\t\t\t<\/span>\n\t\t\t\t\t\t\t\t\t\t<span class=\"elementor-icon-list-text\">883509555 <br>Rejestracja mo\u017cliwa za pomoc\u0105 SMS<\/span>\n\t\t\t\t\t\t\t\t\t<\/li>\n\t\t\t\t\t\t\t\t<li class=\"elementor-icon-list-item\">\n\t\t\t\t\t\t\t\t\t\t\t<a href=\"http:\/\/gabinet.dominikahudziak@gmail.com\">\n\n\t\t\t\t\t\t\t\t\t\t\t\t<span class=\"elementor-icon-list-icon\">\n\t\t\t\t\t\t\t<i aria-hidden=\"true\" class=\"fas fa-mail-bulk\"><\/i>\t\t\t\t\t\t<\/span>\n\t\t\t\t\t\t\t\t\t\t<span class=\"elementor-icon-list-text\">E-mail: gabinet.dominikahudziak@gmail.com<\/span>\n\t\t\t\t\t\t\t\t\t\t\t<\/a>\n\t\t\t\t\t\t\t\t\t<\/li>\n\t\t\t\t\t\t<\/ul>\n\t\t\t\t\t\t<\/div>\n\t\t\t\t<\/div>\n\t\t\t\t<div class=\"elementor-element elementor-element-98553a0 elementor-widget elementor-widget-text-editor\" data-id=\"98553a0\" data-element_type=\"widget\" data-e-type=\"widget\" data-widget_type=\"text-editor.default\">\n\t\t\t\t<div class=\"elementor-widget-container\">\n\t\t\t\t\t\t\t\t\t<p style=\"text-align: left;\"><b>Zapraszam<\/b><br \/>Poniedzia\u0142ek 13.00 &#8211; 19.00<br \/>Wtorek 8.30 &#8211; 13.30<br \/>\u015aroda 8.30 &#8211; 17.00<br \/>Pi\u0105tek 8.30 &#8211; 14.00<\/p>\t\t\t\t\t\t\t\t<\/div>\n\t\t\t\t<\/div>\n\t\t\t\t\t<\/div>\n\t\t<\/div>\n\t\t\t\t<div class=\"elementor-column elementor-col-50 elementor-top-column elementor-element elementor-element-59e32f5\" data-id=\"59e32f5\" data-element_type=\"column\" data-e-type=\"column\">\n\t\t\t<div class=\"elementor-widget-wrap elementor-element-populated\">\n\t\t\t\t\t\t<div class=\"elementor-element elementor-element-d0abfef elementor-widget-divider--view-line elementor-widget elementor-widget-divider\" data-id=\"d0abfef\" data-element_type=\"widget\" data-e-type=\"widget\" data-widget_type=\"divider.default\">\n\t\t\t\t<div class=\"elementor-widget-container\">\n\t\t\t\t\t\t\t<div class=\"elementor-divider\">\n\t\t\t<span class=\"elementor-divider-separator\">\n\t\t\t\t\t\t<\/span>\n\t\t<\/div>\n\t\t\t\t\t\t<\/div>\n\t\t\t\t<\/div>\n\t\t\t\t<div class=\"elementor-element elementor-element-a398eca elementor-widget elementor-widget-google_maps\" data-id=\"a398eca\" data-element_type=\"widget\" data-e-type=\"widget\" data-widget_type=\"google_maps.default\">\n\t\t\t\t<div class=\"elementor-widget-container\">\n\t\t\t\t\t\t\t<div class=\"elementor-custom-embed\">\n\t\t\t<iframe loading=\"lazy\"\n\t\t\t\t\tsrc=\"https:\/\/maps.google.com\/maps?q=Miko%C5%82%C3%B3w%2C%20Wyzwolenia%2026&#038;t=m&#038;z=16&#038;output=embed&#038;iwloc=near\"\n\t\t\t\t\ttitle=\"Miko\u0142\u00f3w, Wyzwolenia 26\"\n\t\t\t\t\taria-label=\"Miko\u0142\u00f3w, Wyzwolenia 26\"\n\t\t\t><\/iframe>\n\t\t<\/div>\n\t\t\t\t\t\t<\/div>\n\t\t\t\t<\/div>\n\t\t\t\t\t<\/div>\n\t\t<\/div>\n\t\t\t\t\t<\/div>\n\t\t<\/section>\n\t\t\t\t<\/div>\n\t\t","protected":false},"excerpt":{"rendered":"<p>PRYWATNY GABINET GINEKOLOGICZNO &#8211; PO\u0141O\u017bNICZY Doktor nauk medycznych specjalista ginekolog &#8211; po\u0142o\u017cnik &#8211; Dominika Hudziak ul. Wyzwolenia 26 883509555 Rejestracja mo\u017cliwa za pomoc\u0105 SMS E-mail: gabinet.dominikahudziak@gmail.com ZapraszamPoniedzia\u0142ek 13.00 &#8211; 19.00Wtorek 8.30 &#8211; 13.30\u015aroda 8.30 &#8211; 17.00Pi\u0105tek 8.30 &#8211; 14.00<\/p>\n","protected":false},"author":1,"featured_media":0,"parent":0,"menu_order":0,"comment_status":"closed","ping_status":"closed","template":"","meta":{"footnotes":""},"class_list":["post-17","page","type-page","status-publish","hentry"],"yoast_head":"<!-- This site is optimized with the Yoast SEO plugin v26.9 - https:\/\/yoast.com\/product\/yoast-seo-wordpress\/ -->\n<title>Kontakt - Indywidualna Specjalistyczna Praktyka Lekarska Dominika Hudziak<\/title>\n<meta name=\"robots\" content=\"index, follow, max-snippet:-1, max-image-preview:large, max-video-preview:-1\" \/>\n<link rel=\"canonical\" href=\"https:\/\/dominikahudziak.pl\/index.php\/pl\/kontakt\/\" \/>\n<meta property=\"og:locale\" content=\"pl_PL\" \/>\n<meta property=\"og:type\" content=\"article\" \/>\n<meta property=\"og:title\" content=\"Kontakt - Indywidualna Specjalistyczna Praktyka Lekarska Dominika Hudziak\" \/>\n<meta property=\"og:description\" content=\"PRYWATNY GABINET GINEKOLOGICZNO &#8211; PO\u0141O\u017bNICZY Doktor nauk medycznych specjalista ginekolog &#8211; po\u0142o\u017cnik &#8211; Dominika Hudziak ul. Wyzwolenia 26 883509555 Rejestracja mo\u017cliwa za pomoc\u0105 SMS E-mail: gabinet.dominikahudziak@gmail.com ZapraszamPoniedzia\u0142ek 13.00 &#8211; 19.00Wtorek 8.30 &#8211; 13.30\u015aroda 8.30 &#8211; 17.00Pi\u0105tek 8.30 &#8211; 14.00\" \/>\n<meta property=\"og:url\" content=\"https:\/\/dominikahudziak.pl\/index.php\/pl\/kontakt\/\" \/>\n<meta property=\"og:site_name\" content=\"Indywidualna Specjalistyczna Praktyka Lekarska Dominika Hudziak\" \/>\n<meta property=\"article:modified_time\" content=\"2025-12-29T22:46:04+00:00\" \/>\n<meta name=\"twitter:card\" content=\"summary_large_image\" \/>\n<meta name=\"twitter:label1\" content=\"Szacowany czas czytania\" \/>\n\t<meta name=\"twitter:data1\" content=\"1 minuta\" \/>\n<script type=\"application\/ld+json\" class=\"yoast-schema-graph\">{\"@context\":\"https:\/\/schema.org\",\"@graph\":[{\"@type\":\"WebPage\",\"@id\":\"https:\/\/dominikahudziak.pl\/index.php\/pl\/kontakt\/\",\"url\":\"https:\/\/dominikahudziak.pl\/index.php\/pl\/kontakt\/\",\"name\":\"Kontakt - Indywidualna Specjalistyczna Praktyka Lekarska Dominika Hudziak\",\"isPartOf\":{\"@id\":\"https:\/\/dominikahudziak.pl\/#website\"},\"datePublished\":\"2019-04-16T23:17:00+00:00\",\"dateModified\":\"2025-12-29T22:46:04+00:00\",\"breadcrumb\":{\"@id\":\"https:\/\/dominikahudziak.pl\/index.php\/pl\/kontakt\/#breadcrumb\"},\"inLanguage\":\"pl-PL\",\"potentialAction\":[{\"@type\":\"ReadAction\",\"target\":[\"https:\/\/dominikahudziak.pl\/index.php\/pl\/kontakt\/\"]}]},{\"@type\":\"BreadcrumbList\",\"@id\":\"https:\/\/dominikahudziak.pl\/index.php\/pl\/kontakt\/#breadcrumb\",\"itemListElement\":[{\"@type\":\"ListItem\",\"position\":1,\"name\":\"Strona g\u0142\u00f3wna\",\"item\":\"https:\/\/dominikahudziak.pl\/\"},{\"@type\":\"ListItem\",\"position\":2,\"name\":\"Kontakt\"}]},{\"@type\":\"WebSite\",\"@id\":\"https:\/\/dominikahudziak.pl\/#website\",\"url\":\"https:\/\/dominikahudziak.pl\/\",\"name\":\"Indywidualna Specjalistyczna Praktyka Lekarska Dominika Hudziak\",\"description\":\"Gabinet ginekologiczny ul.Wyzwolenia 26\",\"potentialAction\":[{\"@type\":\"SearchAction\",\"target\":{\"@type\":\"EntryPoint\",\"urlTemplate\":\"https:\/\/dominikahudziak.pl\/?s={search_term_string}\"},\"query-input\":{\"@type\":\"PropertyValueSpecification\",\"valueRequired\":true,\"valueName\":\"search_term_string\"}}],\"inLanguage\":\"pl-PL\"}]}<\/script>\n<!-- \/ Yoast SEO plugin. -->","yoast_head_json":{"title":"Kontakt - Indywidualna Specjalistyczna Praktyka Lekarska Dominika Hudziak","robots":{"index":"index","follow":"follow","max-snippet":"max-snippet:-1","max-image-preview":"max-image-preview:large","max-video-preview":"max-video-preview:-1"},"canonical":"https:\/\/dominikahudziak.pl\/index.php\/pl\/kontakt\/","og_locale":"pl_PL","og_type":"article","og_title":"Kontakt - Indywidualna Specjalistyczna Praktyka Lekarska Dominika Hudziak","og_description":"PRYWATNY GABINET GINEKOLOGICZNO &#8211; PO\u0141O\u017bNICZY Doktor nauk medycznych specjalista ginekolog &#8211; po\u0142o\u017cnik &#8211; Dominika Hudziak ul. Wyzwolenia 26 883509555 Rejestracja mo\u017cliwa za pomoc\u0105 SMS E-mail: gabinet.dominikahudziak@gmail.com ZapraszamPoniedzia\u0142ek 13.00 &#8211; 19.00Wtorek 8.30 &#8211; 13.30\u015aroda 8.30 &#8211; 17.00Pi\u0105tek 8.30 &#8211; 14.00","og_url":"https:\/\/dominikahudziak.pl\/index.php\/pl\/kontakt\/","og_site_name":"Indywidualna Specjalistyczna Praktyka Lekarska Dominika Hudziak","article_modified_time":"2025-12-29T22:46:04+00:00","twitter_card":"summary_large_image","twitter_misc":{"Szacowany czas czytania":"1 minuta"},"schema":{"@context":"https:\/\/schema.org","@graph":[{"@type":"WebPage","@id":"https:\/\/dominikahudziak.pl\/index.php\/pl\/kontakt\/","url":"https:\/\/dominikahudziak.pl\/index.php\/pl\/kontakt\/","name":"Kontakt - Indywidualna Specjalistyczna Praktyka Lekarska Dominika Hudziak","isPartOf":{"@id":"https:\/\/dominikahudziak.pl\/#website"},"datePublished":"2019-04-16T23:17:00+00:00","dateModified":"2025-12-29T22:46:04+00:00","breadcrumb":{"@id":"https:\/\/dominikahudziak.pl\/index.php\/pl\/kontakt\/#breadcrumb"},"inLanguage":"pl-PL","potentialAction":[{"@type":"ReadAction","target":["https:\/\/dominikahudziak.pl\/index.php\/pl\/kontakt\/"]}]},{"@type":"BreadcrumbList","@id":"https:\/\/dominikahudziak.pl\/index.php\/pl\/kontakt\/#breadcrumb","itemListElement":[{"@type":"ListItem","position":1,"name":"Strona g\u0142\u00f3wna","item":"https:\/\/dominikahudziak.pl\/"},{"@type":"ListItem","position":2,"name":"Kontakt"}]},{"@type":"WebSite","@id":"https:\/\/dominikahudziak.pl\/#website","url":"https:\/\/dominikahudziak.pl\/","name":"Indywidualna Specjalistyczna Praktyka Lekarska Dominika Hudziak","description":"Gabinet ginekologiczny ul.Wyzwolenia 26","potentialAction":[{"@type":"SearchAction","target":{"@type":"EntryPoint","urlTemplate":"https:\/\/dominikahudziak.pl\/?s={search_term_string}"},"query-input":{"@type":"PropertyValueSpecification","valueRequired":true,"valueName":"search_term_string"}}],"inLanguage":"pl-PL"}]}},"_links":{"self":[{"href":"https:\/\/dominikahudziak.pl\/index.php\/wp-json\/wp\/v2\/pages\/17","targetHints":{"allow":["GET"]}}],"collection":[{"href":"https:\/\/dominikahudziak.pl\/index.php\/wp-json\/wp\/v2\/pages"}],"about":[{"href":"https:\/\/dominikahudziak.pl\/index.php\/wp-json\/wp\/v2\/types\/page"}],"author":[{"embeddable":true,"href":"https:\/\/dominikahudziak.pl\/index.php\/wp-json\/wp\/v2\/users\/1"}],"replies":[{"embeddable":true,"href":"https:\/\/dominikahudziak.pl\/index.php\/wp-json\/wp\/v2\/comments?post=17"}],"version-history":[{"count":35,"href":"https:\/\/dominikahudziak.pl\/index.php\/wp-json\/wp\/v2\/pages\/17\/revisions"}],"predecessor-version":[{"id":621,"href":"https:\/\/dominikahudziak.pl\/index.php\/wp-json\/wp\/v2\/pages\/17\/revisions\/621"}],"wp:attachment":[{"href":"https:\/\/dominikahudziak.pl\/index.php\/wp-json\/wp\/v2\/media?parent=17"}],"curies":[{"name":"wp","href":"https:\/\/api.w.org\/{rel}","templated":true}]}}